{"id":521,"date":"2019-12-02T21:31:19","date_gmt":"2019-12-02T19:31:19","guid":{"rendered":"https:\/\/trimport.wordpress.com\/?page_id=521"},"modified":"2020-02-12T15:49:40","modified_gmt":"2020-02-12T15:49:40","slug":"freiwillige-feuerwehr","status":"publish","type":"page","link":"https:\/\/www.trimport.de\/?page_id=521","title":{"rendered":"Freiwillige Feuerwehr"},"content":{"rendered":"<p>Die freiwillige Feuerwehr wurde 1936 gegr\u00fcndet und besteht heute aus 25 aktiven Mitgliedern. Zusammen mit den Feuerwehren aus S\u00fclm, R\u00f6hl und Dahlem bilden sie den L\u00f6schzug 9 der Verbandsgemeinde Bitburger Land.<\/p>\r\n<p><!-- \/wp:post-content -->\r\n\r\n<!-- wp:paragraph --><\/p>\r\n<p>Neben ihren klassischen Aufgaben \u00fcbernimmt die freiwillige Feuerwehr auch die Organisation und Durchf\u00fchrung der Kirmes im Sommer, der Feier zum ersten Mai und auch das St Martin Fest im November. Die Mitglieder der Feuerwehr sind auch bei sonstigen Veranstaltungen im Dorf stets wichtige Helfer.<\/p>\r\n<p><!-- \/wp:paragraph -->\r\n\r\n<!-- wp:paragraph --><\/p>\r\n<p>Das Feuerwehrauto wurde aus Spenden des F\u00f6rdervereins beschafft und wird st\u00e4ndig gewartet und mit Neuerungen ausgestattet.<\/p>\r\n<p><!-- \/wp:paragraph -->\r\n\r\n<!-- wp:paragraph --><\/p>\r\n<p>Wehrf\u00fchrer ist zur Zeit Florian Neu.<\/p>\r\n<p><a href=\"https:\/\/m.facebook.com\/profile.php?id=637213649969576&amp;ref=content_filter\" target=\"_blank\" rel=\"noopener noreferrer\">Facebookseite der Feuerwehr Trimport<\/a><\/p>\r\n<p>&nbsp;<\/p>\r\nngg_shortcode_0_placeholder\r\n<!-- wp:paragraph -->\r\n<p>&nbsp;<\/p>\r\n<!-- \/wp:paragraph -->\r\n\r\n<!-- wp:gallery \/-->\r\n\r\n<!-- wp:image {\"id\":549,\"sizeSlug\":\"large\",\"className\":\"is-style-default\"} -->\r\n<figure class=\"wp-block-image size-large is-style-default\"><\/figure>\r\n<!-- \/wp:image -->","protected":false},"excerpt":{"rendered":"<p>Die freiwillige Feuerwehr wurde 1936 gegr\u00fcndet und besteht heute aus 25 aktiven Mitgliedern. Zusammen mit den Feuerwehren aus S\u00fclm, R\u00f6hl und Dahlem bilden sie den L\u00f6schzug 9 der Verbandsgemeinde Bitburger Land. Neben ihren klassischen Aufgaben \u00fcbernimmt die freiwillige Feuerwehr auch die Organisation und Durchf\u00fchrung der Kirmes im Sommer, der Feier zum ersten Mai und auch &hellip; <\/p>\n<p class=\"link-more\"><a href=\"https:\/\/www.trimport.de\/?page_id=521\" class=\"more-link\"><span class=\"screen-reader-text\">\u201eFreiwillige Feuerwehr\u201c <\/span>weiterlesen<\/a><\/p>\n","protected":false},"author":1,"featured_media":0,"parent":0,"menu_order":0,"comment_status":"closed","ping_status":"closed","template":"","meta":{"ngg_post_thumbnail":0,"footnotes":""},"class_list":["post-521","page","type-page","status-publish","hentry"],"_links":{"self":[{"href":"https:\/\/www.trimport.de\/index.php?rest_route=\/wp\/v2\/pages\/521","targetHints":{"allow":["GET"]}}],"collection":[{"href":"https:\/\/www.trimport.de\/index.php?rest_route=\/wp\/v2\/pages"}],"about":[{"href":"https:\/\/www.trimport.de\/index.php?rest_route=\/wp\/v2\/types\/page"}],"author":[{"embeddable":true,"href":"https:\/\/www.trimport.de\/index.php?rest_route=\/wp\/v2\/users\/1"}],"replies":[{"embeddable":true,"href":"https:\/\/www.trimport.de\/index.php?rest_route=%2Fwp%2Fv2%2Fcomments&post=521"}],"version-history":[{"count":7,"href":"https:\/\/www.trimport.de\/index.php?rest_route=\/wp\/v2\/pages\/521\/revisions"}],"predecessor-version":[{"id":1116,"href":"https:\/\/www.trimport.de\/index.php?rest_route=\/wp\/v2\/pages\/521\/revisions\/1116"}],"wp:attachment":[{"href":"https:\/\/www.trimport.de\/index.php?rest_route=%2Fwp%2Fv2%2Fmedia&parent=521"}],"curies":[{"name":"wp","href":"https:\/\/api.w.org\/{rel}","templated":true}]}}