{"id":526,"date":"2019-12-02T21:32:22","date_gmt":"2019-12-02T19:32:22","guid":{"rendered":"https:\/\/trimport.wordpress.com\/?page_id=526"},"modified":"2020-02-09T16:01:05","modified_gmt":"2020-02-09T16:01:05","slug":"nachtfalter-e-v","status":"publish","type":"page","link":"https:\/\/www.trimport.de\/?page_id=526","title":{"rendered":"Nachtfalter e.V"},"content":{"rendered":"\r\nngg_shortcode_0_placeholder\r\n<p>Die Nachtfalter sind der Karnevalsverein der Trimporter Frauen. Als M\u00f6hnen ziehen sie am Weiberdonnerstag durch das Dorf und treiben mit den M\u00e4nnern ihre Sp\u00e4\u00dfe.<\/p>\r\n\r\n\r\n\r\n<p>Zudem organisieren die Nachtfalter seit vielen Jahren den Seniorenkaffee einmal im Monat.<\/p>\r\n\r\n\r\n\r\n<p>Zur Zeit befindet sich der Verein in einer Phase des Umbruchs. Viele j\u00fcngere Frauen aus dem Dorf wollen den Verein wieder lebendiger gestalten und neue Aktivit\u00e4ten beginnen.<\/p>\r\n\r\n\r\n","protected":false},"excerpt":{"rendered":"<p>Die Nachtfalter sind der Karnevalsverein der Trimporter Frauen. Als M\u00f6hnen ziehen sie am Weiberdonnerstag durch das Dorf und treiben mit den M\u00e4nnern ihre Sp\u00e4\u00dfe. Zudem organisieren die Nachtfalter seit vielen Jahren den Seniorenkaffee einmal im Monat. Zur Zeit befindet sich der Verein in einer Phase des Umbruchs. Viele j\u00fcngere Frauen aus dem Dorf wollen den &hellip; <\/p>\n<p class=\"link-more\"><a href=\"https:\/\/www.trimport.de\/?page_id=526\" class=\"more-link\"><span class=\"screen-reader-text\">\u201eNachtfalter e.V\u201c <\/span>weiterlesen<\/a><\/p>\n","protected":false},"author":1,"featured_media":0,"parent":0,"menu_order":0,"comment_status":"closed","ping_status":"closed","template":"","meta":{"ngg_post_thumbnail":0,"footnotes":""},"class_list":["post-526","page","type-page","status-publish","hentry"],"_links":{"self":[{"href":"https:\/\/www.trimport.de\/index.php?rest_route=\/wp\/v2\/pages\/526","targetHints":{"allow":["GET"]}}],"collection":[{"href":"https:\/\/www.trimport.de\/index.php?rest_route=\/wp\/v2\/pages"}],"about":[{"href":"https:\/\/www.trimport.de\/index.php?rest_route=\/wp\/v2\/types\/page"}],"author":[{"embeddable":true,"href":"https:\/\/www.trimport.de\/index.php?rest_route=\/wp\/v2\/users\/1"}],"replies":[{"embeddable":true,"href":"https:\/\/www.trimport.de\/index.php?rest_route=%2Fwp%2Fv2%2Fcomments&post=526"}],"version-history":[{"count":4,"href":"https:\/\/www.trimport.de\/index.php?rest_route=\/wp\/v2\/pages\/526\/revisions"}],"predecessor-version":[{"id":1066,"href":"https:\/\/www.trimport.de\/index.php?rest_route=\/wp\/v2\/pages\/526\/revisions\/1066"}],"wp:attachment":[{"href":"https:\/\/www.trimport.de\/index.php?rest_route=%2Fwp%2Fv2%2Fmedia&parent=526"}],"curies":[{"name":"wp","href":"https:\/\/api.w.org\/{rel}","templated":true}]}}