{"id":529,"date":"2019-12-02T21:33:16","date_gmt":"2019-12-02T19:33:16","guid":{"rendered":"https:\/\/trimport.wordpress.com\/?page_id=529"},"modified":"2020-03-03T18:54:36","modified_gmt":"2020-03-03T18:54:36","slug":"kulturverein-trimport-e-v","status":"publish","type":"page","link":"https:\/\/www.trimport.de\/?page_id=529","title":{"rendered":"Kulturverein Trimport e.V"},"content":{"rendered":"\r\n<figure class=\"wp-block-image size-large is-style-default\"><img loading=\"lazy\" decoding=\"async\" width=\"1024\" height=\"247\" class=\"wp-image-551\" src=\"http:\/\/start.trimport.de\/wp-content\/uploads\/2019\/12\/logo-kulturverein.jpg?w=1024\" alt=\"\" srcset=\"https:\/\/www.trimport.de\/wp-content\/uploads\/2019\/12\/logo-kulturverein.jpg 1024w, https:\/\/www.trimport.de\/wp-content\/uploads\/2019\/12\/logo-kulturverein-300x72.jpg 300w, https:\/\/www.trimport.de\/wp-content\/uploads\/2019\/12\/logo-kulturverein-768x185.jpg 768w\" sizes=\"auto, (max-width: 706px) 89vw, (max-width: 767px) 82vw, 740px\" \/><\/figure>\r\n\r\n\r\n\r\n<p>Die Gr\u00fcndungsversammlung f\u00fcr einen \u00f6rtlichen Kulturverein als verantwortliche Instanz f\u00fcr die Veranstaltung des j\u00e4hrlich statffindenden Hobby- und Bauernmarktes fand am 29. August 2007 statt. Seither ist der Kulturverein offizieller Veranstalter des Bauernmarktes.<\/p>\r\n\r\n\r\n\r\n<p>Seit einiger Zeit engagieren sich die Mitglieder auch f\u00fcr andere Veranstaltungen im Dorf, wie zum Beispsiel f\u00fcr die Durchf\u00fchrung der offenen Theke im Gemeindhaus.<\/p>\r\n","protected":false},"excerpt":{"rendered":"<p>Die Gr\u00fcndungsversammlung f\u00fcr einen \u00f6rtlichen Kulturverein als verantwortliche Instanz f\u00fcr die Veranstaltung des j\u00e4hrlich statffindenden Hobby- und Bauernmarktes fand am 29. August 2007 statt. Seither ist der Kulturverein offizieller Veranstalter des Bauernmarktes. Seit einiger Zeit engagieren sich die Mitglieder auch f\u00fcr andere Veranstaltungen im Dorf, wie zum Beispsiel f\u00fcr die Durchf\u00fchrung der offenen Theke im &hellip; <\/p>\n<p class=\"link-more\"><a href=\"https:\/\/www.trimport.de\/?page_id=529\" class=\"more-link\"><span class=\"screen-reader-text\">\u201eKulturverein Trimport e.V\u201c <\/span>weiterlesen<\/a><\/p>\n","protected":false},"author":1,"featured_media":0,"parent":0,"menu_order":0,"comment_status":"closed","ping_status":"closed","template":"","meta":{"ngg_post_thumbnail":0,"footnotes":""},"class_list":["post-529","page","type-page","status-publish","hentry"],"_links":{"self":[{"href":"https:\/\/www.trimport.de\/index.php?rest_route=\/wp\/v2\/pages\/529","targetHints":{"allow":["GET"]}}],"collection":[{"href":"https:\/\/www.trimport.de\/index.php?rest_route=\/wp\/v2\/pages"}],"about":[{"href":"https:\/\/www.trimport.de\/index.php?rest_route=\/wp\/v2\/types\/page"}],"author":[{"embeddable":true,"href":"https:\/\/www.trimport.de\/index.php?rest_route=\/wp\/v2\/users\/1"}],"replies":[{"embeddable":true,"href":"https:\/\/www.trimport.de\/index.php?rest_route=%2Fwp%2Fv2%2Fcomments&post=529"}],"version-history":[{"count":2,"href":"https:\/\/www.trimport.de\/index.php?rest_route=\/wp\/v2\/pages\/529\/revisions"}],"predecessor-version":[{"id":1233,"href":"https:\/\/www.trimport.de\/index.php?rest_route=\/wp\/v2\/pages\/529\/revisions\/1233"}],"wp:attachment":[{"href":"https:\/\/www.trimport.de\/index.php?rest_route=%2Fwp%2Fv2%2Fmedia&parent=529"}],"curies":[{"name":"wp","href":"https:\/\/api.w.org\/{rel}","templated":true}]}}

<figure class="wp-block-image size-large is-style-default"><img loading="lazy" decoding="async" width="1024" height="247" class="wp-image-551" src="http://start.trimport.de/wp-content/uploads/2019/12/logo-kulturverein.jpg?w=1024" alt="" srcset="https://www.trimport.de/wp-content/uploads/2019/12/logo-kulturverein.jpg 1024w, https://www.trimport.de/wp-content/uploads/2019/12/logo-kulturverein-300x72.jpg 300w, https://www.trimport.de/wp-content/uploads/2019/12/logo-kulturverein-768x185.jpg 768w" sizes="auto, (max-width: 706px) 89vw, (max-width: 767px) 82vw, 740px" /></figure>



<p>Die Gründungsversammlung für einen örtlichen Kulturverein als verantwortliche Instanz für die Veranstaltung des jährlich statffindenden Hobby- und Bauernmarktes fand am 29. August 2007 statt. Seither ist der Kulturverein offizieller Veranstalter des Bauernmarktes.</p>



<p>Seit einiger Zeit engagieren sich die Mitglieder auch für andere Veranstaltungen im Dorf, wie zum Beispsiel für die Durchführung der offenen Theke im Gemeindhaus.</p>

<p>Die Gründungsversammlung für einen örtlichen Kulturverein als verantwortliche Instanz für die Veranstaltung des jährlich statffindenden Hobby- und Bauernmarktes fand am 29. August 2007 statt. Seither ist der Kulturverein offizieller Veranstalter des Bauernmarktes. Seit einiger Zeit engagieren sich die Mitglieder auch für andere Veranstaltungen im Dorf, wie zum Beispsiel für die Durchführung der offenen Theke im &hellip; </p>
<p class="link-more"><a href="https://www.trimport.de/?page_id=529" class="more-link"><span class="screen-reader-text">„Kulturverein Trimport e.V“ </span>weiterlesen</a></p>
